q - 60. Let h be z(12). Suppose h*p = -4068 + 191676. Is p prime?
True
Let x = -52 - -55. Let i(o) = -117*o**x - 6 + 4*o**2 + 124*o**3 - 3 - o. Is i(4) prime?
True
Let n(g) = -12*g**2 - 5*g + 18. Let l be n(-2). Let q(h) be the first derivative of 5*h**3/3 - 2*h**2 - 29*h - 1. Is q(l) composite?
True
Let p(x) = 28*x**2 - 5*x - 29. Let w(r) = -13*r**2 + 2*r + 15. Let f(k) = 6*p(k) + 13*w(k). Let b be f(8). Let t = b + 728. Is t composite?
False
Suppose 0 = -20*k + 339769 - 35017 + 356228. Is k prime?
True
Let a be 3/(-21) + (-10)/(-70). Suppose a = -14*w + 48*w - 576606. Is w a composite number?
True
Suppose -16*j = 100*j + 58*j - 20105178. Is j a prime number?
True
Let p be 46 + -8 + 1 + -3. Let g be ((-54)/p)/((-6)/16). Suppose 0*a - 2968 = -4*o - g*a, -4*o - 2*a + 2958 = 0. Is o prime?
False
Suppose -z = -4*b + 10, 0 = 3*b + 3*z - z - 2. Let q be (-1 + 0)*(-9)/(6/b). Suppose q*n = 329 + 304. Is n composite?
False
Suppose 496*b - 492*b + 2*s = 10514, -5*b - s + 13150 = 0. Is b prime?
False
Suppose -2*y + o = 0, 0*y - y + 5 = -3*o. Let j be (60/16)/(y/(-16)*6). Suppose 6*c - j*c - f + 3071 = 0, 0 = 2*f + 10. Is c prime?
True
Let c = 6556 - -10603. Is c a prime number?
True
Suppose -5*h = f + 5, -h - 4*f + 13 = -5. Let j be h*(-2)/(-2) + 455. Suppose 3*c + j = 2376. Is c a composite number?
False
Let x(r) = -3*r**2 + 8*r - 1. Let p be x(1). Is (6310/p)/((-35)/(-70)) prime?
False
Let w = 11045 + -7298. Let g = 914 + w. Let v = g - 3224. Is v prime?
False
Is 195352 + (-2 - 76/(-10) - (-330)/(-550)) a composite number?
True
Let p be (4 - -8)*4197/2. Suppose g + 2*g = p. Suppose -5*n - n = -g. Is n a composite number?
False
Let t = -72 + 74. Let v(h) = 4*h**t + 0 + 22 - 4*h + 171*h**2. Is v(3) prime?
False
Let p = 1241177 - 678631. Is p a prime number?
False
Let n(a) = -2*a**3 + a**2 - 3*a - 20. Let t be n(0). Let d(m) = -m**2 - 28*m - 105. Is d(t) prime?
False
Suppose -3*d - 28 - 128 = u, 4*u = 12. Let k = d + 62. Suppose -10*v = -k*v - 586. Is v prime?
False
Suppose 8*u + 203180 = -2*u. Let w = -13371 - u. Suppose -5*q = -3*k + w, -q + 5*q - 8 = 0. Is k a prime number?
False
Suppose -11*p + 21 = -8*p. Let m(l) = -l**3 - 6*l**2 - 18*l + 16. Let v(n) = n**3 + n + 2. Let z(o) = -m(o) - 2*v(o). Is z(p) a prime number?
True
Let j = 139210 + -69219. Is j a composite number?
False
Is 14 + 0 + -8 + 36287 composite?
False
Let r(l) = -l**3 - 8*l**2 + 8*l - 4. Let o be r(-9). Suppose 5*k = -2*x + 17149, -o*k - 4*x = -0*x - 17143. Is k prime?
False
Suppose -373*t - 100228761 = -892*t. Is t composite?
True
Let d(l) = 776*l - 25. Let z(u) = 2329*u - 76. Let k(x) = -x**2 - 4*x + 25. Let a be k(-8). Let f(w) = a*d(w) + 2*z(w). Is f(-10) a composite number?
True
Let x be (-20)/(-15) + (-14)/(-3). Suppose -x*q + 6478 + 1904 = 0. Is q a prime number?
False
Let i(t) = -t**3 + 15*t**2 + 6*t + 10. Let g be i(15). Let c = g - 96. Suppose -c*o = -83 - 353. Is o a prime number?
True
Suppose 13*j - 16 + 55 = 0. Is ((j - -1) + 4)/((-36)/(-41058)) prime?
True
Suppose -3*c + 3*x - 2*x = -63538, 0 = -5*c - 4*x + 105908. Suppose -4*k - 4*i = -c, 4*k - i - 21212 = 3*i. Is k prime?
False
Let i = 1441 - 563. Let t be i - 6/4*2. Suppose -3*y - 2*u = -t, 2*y - 3*y = 4*u - 285. Is y a composite number?
False
Let l = -35 - -36. Let j be (-915 - -8)/(l + -2). Let q = j + -348. Is q composite?
True
Is (-31)/341 + 192100488/209 prime?
False
Suppose -3*a = -g - 2, 13 = 7*a - 5*a + g. Let j be 2 + -1 + 1*2. Suppose 2*o = 5*t + 517, a*t - 2*t + 756 = j*o. Is o prime?
True
Let l(g) be the second derivative of 879*g**5/20 - g**3/3 + g**2/2 + 20*g. Is l(1) a prime number?
False
Let d = -46 + 42. Let k be (2/(-6))/(((-8)/(-18))/d). Suppose -3*h + 354 = k*p, 3*h - 5*p + 27 = 357. Is h a composite number?
True
Let h = -190 + 1084. Let i = 508 + h. Is i composite?
True
Let x = -272 - -187. Let d = 88 + x. Is d*-1 - (-455 + 6 + -5) composite?
True
Let f(r) = r**2 + 2*r**2 - 39*r + 68*r + 11 - 19*r. Suppose c - 3*u + 24 = -c, 4*u + 14 = -5*c. Is f(c) composite?
False
Let w(n) = 38*n**2 + 954*n + 119. Is w(-53) composite?
False
Let t(n) = 1371*n + 10106. Is t(123) composite?
True
Suppose 4*q - f - 650582 = 0, 72 - 66 = f. Is q a prime number?
False
Let b(r) = 71481*r**2 + 67*r - 69. Is b(1) a prime number?
True
Suppose -21*k + 8 = -17*k. Suppose -k*s - 1465 = -7*s. Let y = s + -130. Is y prime?
True
Suppose 4 = 4*m, m = -r + 2*m + 3. Let b be 19/r - 15/(-60). Suppose -2*o - 4724 = -4*q - 724, -4998 = -b*q + 2*o. Is q a prime number?
False
Suppose b - 38 = z, -185 = -5*b + 4*z - 0*z. Let i = 33 - b. Is -4083*((-3 - i) + (-8)/(-3)) prime?
True
Let y = 23498 - -29361. Is y a prime number?
True
Suppose -28*n = -1258397 + 124462 + 27851. Is n composite?
False
Let h be -1 - 3/(-6)*6. Let t(b) = 6*b**3 + 5*b**2 + b - 7. Let w be t(7). Suppose h*r - w = 4*m - 573, 0 = 5*m. Is r composite?
True
Suppose -5*y = 4*y - 10908. Suppose 2*k = -x + 1755 + y, 0 = -5*k - x + 7413. Let g = k + -733. Is g composite?
True
Suppose -5*d - 2*o - 12 = 0, -5*d - o = -0*o + 11. Is (2930/20)/(1 - (-1)/d) a composite number?
False
Let p(i) = 2*i - 25. Let j be (0 + -5)/((-4)/24*2). Let f be p(j). Let a(l) = 153*l**2 + 2*l - 2. Is a(f) a composite number?
False
Let s(k) = 1420*k**3 + 13*k - 126. Is s(5) prime?
False
Is (-222 + 506714)/((-4)/(-1)) a prime number?
False
Let r(y) = -37 + 0*y + 5*y + 8 + 19*y**2 + 4*y**3 - 5*y**3. Is r(12) prime?
True
Let g = -440 + 451. Suppose -3*u + 8925 = 3*s, 12*u - g*u = 4. Is s a composite number?
False
Is (10/(-65))/(22/(-57410639)) a composite number?
False
Let a = 219763 - 132134. Is a prime?
True
Let w be -4 + (18 + 0 - -6). Suppose -16404 = w*j - 32*j. Is j a composite number?
False
Is 27/90 + (-8)/60 + (-918353)/(-6) prime?
True
Suppose -8*d + 356141 = -241275. Is d prime?
False
Let w(d) = 6*d**2 + 11*d - 6. Let n(t) = 11*t**2 + 21*t - 13. Let v(y) = 4*n(y) - 7*w(y). Let f be v(-6). Is (15/f + 706/8)/1 composite?
False
Let u = -164600 + 243194. Suppose -490*i + 488*i = -u. Is i a prime number?
False
Let b(f) be the second derivative of 415*f**4/12 - f**3/2 + f**2/2 + 13*f - 1. Is b(1) a prime number?
False
Suppose 3*h = 4*u - 41942 - 2183, 2*u - 22049 = -3*h. Is u a prime number?
False
Let w(m) = 2*m - m**2 - 12 + m - 10*m**2 + 12*m**2. Let n be w(-6). Is (-171)/n*(-254)/3 prime?
False
Suppose 0 = 31*r + 1117467 - 3510233. Is r prime?
False
Let c = 1578 + 5041. Is c a prime number?
True
Suppose 0 = -5*d + j + 234310, -2*j = -4*d - 3*j + 187448. Let l = -6831 + d. Is l composite?
False
Suppose -17*l + 413309 = -4*l. Is l prime?
True
Let p = -595 + 589. Is (p/2)/(6*8/(-7472)) composite?
False
Let s = 9 + -15. Let d(a) = -a**3 - 8*a**2 - 15*a - 5. Let p be d(s). Suppose 0 = -p*c + 8*c + 2855. Is c a prime number?
True
Let n(f) = f**3 - 11*f**2 - 12*f - 4. Let r be n(12). Let p be (-2 - 20)*((-2)/r - 1). Let m(t) = 6*t**3 - 11*t**2 - 19*t + 3. Is m(p) a composite number?
False
Suppose 2*n + 2393 = 3*n - 5*d, n = -4*d + 2420. Let p = n - -143. Is p a composite number?
False
Let j = -1541547 - -2732320. Is j a prime number?
True
Let j(i) = 67*i**3 + 11*i**2 - 4*i + 19. Let c be j(8). Suppose -5*p - c = -3*y - 9*p, 35010 = 3*y - p. Is y a prime number?
False
Let g = -15358 + 22698. Let i = -5 - -1. Is 0 + g/(i + 8) a prime number?
False
Let n(s) = 10*s - 2. Let a be n(-2). Is (a/(-8) - -3)*(29 + -9) a prime number?
False
Suppose 3*i + 17 = 65. Suppose -4*w + 16 = i. Suppose -5*u - 5 = w, -4*u - 85 = 2*d - 335. Is d a composite number?
False
Let w(m) = -3*m - 17. Let x be w(2). Let r(l) = 3*l**2 + 16*l - 26. Is r(x) a prime number?
True
Let c = 53 + -53. Let j be 1/(-4) - 28/16. Is 24 + (j - (c - 0)) a prime number?
False
Suppose 0 = -2*h + 3*t - 154, -22*h = -18*h - 3*t + 308. Is (h/14 - -6) + 19581/2 prime?
True
Suppose -58*u = -53*u - 10. Suppose -2*k + u*s = 319 - 1277, -2*k - 2*s = -966. Is k prime?
False
Let k(i) = 50*i**2 + 10*i + 141. Let y be k(-41). Suppose -8*a = -35*a + y. Is a composite?
True
Let m(j) = j**3 - 19*j**2 + j + 7. Let r(x) = 28*x**2 + 3*x + 1. Let h = 18 - 19. Let g be r(h). Is m(g) a prime number?
False
Let n be (-12318)/((-1)/((-4)/(-8))). Let u(d) = -2*d**3 - 11*d**2 - 10*d - 21. Let q be u(-5). Is q*n/(-6)*(-1)/2 a composite number?
False
Let c be 6 + -6 - (3 +